 h?
3
Let x be (-1)/(((-1)/(-32))/(-1)). Let j = x - 32. Suppose j*q - 4*z = 2*q - 86, -2*z + 90 = 2*q. What is the tens digit of q?
4
What is the hundreds digit of 4/30*5 + 340/3?
1
Let p = 695 + 95. What is the hundreds digit of p?
7
Suppose 5*t - 3 = -2*b - 2*b, 0 = 5*b - t + 18. Let r be (-2)/b*(1 - -29). What is the units digit of r/30 + 55/3?
9
Let f(k) = k**2 + 38*k + 106. What is the hundreds digit of f(19)?
1
Let j be (2 - -13) + (-28)/(-7). Suppose j*k - 140 = 14*k. What is the tens digit of k?
2
Suppose 2*o - 4 = 2. Suppose -o*p = 6 + 27. Let i = 15 + p. What is the units digit of i?
4
Suppose 3*s - 4 = s. Suppose 0 = 2*o, -s*o - 179 = -v - 43. What is the units digit of v?
6
Suppose 2*o - 686 = 684. What is the tens digit of o/30 - (-1)/6?
2
Let p be ((-372)/20)/((-1)/5). Let w = p - 63. What is the tens digit of w?
3
Let x(n) = 4*n + 4*n + 0 - n**2 - 2. Let y be x(8). What is the units digit of 2*1/(y - -4)?
1
Let k(r) = 68*r + 18. Let g be k(9). Suppose -5*t - 5*f = -g, -3*t - 4*f = -3*f - 388. What is the tens digit of t?
3
What is the tens digit of (-2)/(-9) - -1663*(-30)/(-27)?
4
Let h be (0 + 1)*(-1 + 1). Let d be h/((-2)/6*-3). Suppose 3*j + 14 + 14 = c, -2*j - 6 = d. What is the units digit of c?
9
Let p(r) = 2*r**2 + 5*r. Suppose -y - 20 = -5*y + d, -4*d = -y + 20. Let o be ((-6)/4)/(y/16). What is the tens digit of p(o)?
4
Let v(k) = -k**3 - 5*k**2 - 2*k - 7. Let l be v(-5). Suppose l*b + 314 = 5*f, 4*b + 437 = -3*f + 6*f. Let y = -76 - b. What is the units digit of y?
7
What is the thousands digit of (-7 - -5)*4 + 2213?
2
Let h(s) = -s**3 + 26*s**2 + 39*s + 4. What is the units digit of h(24)?
2
Suppose -7*d + 16 = -3*d. Suppose -v = d*v. Suppose -q - 4*c - c - 5 = v, -3*c - 12 = 0. What is the tens digit of q?
1
Suppose 0 = -116*i + 125*i - 6300. What is the tens digit of i?
0
Let l = -126 - -141. What is the units digit of l?
5
Let r be ((-4)/(-6))/(11/12 + -1). What is the tens digit of (-5*r/20)/(4/302)?
5
Let j(d) = 2*d - d + 2*d**2 + 11*d**3 - 28*d**3. Let m be j(-1). Suppose -b - m = -4*b. What is the units digit of b?
6
Let o = 11 + -18. What is the tens digit of (2/4)/(o/(-840))?
6
Suppose 3 = -n + 2. Let s(d) = -11*d**3 + 2*d + 1. Let k be s(n). What is the tens digit of (1 - 22)*k/(-3)?
7
Let i = -2208 + 3382. What is the thousands digit of i?
1
Let i = -282 + 198. Let t = -21 - i. What is the tens digit of t?
6
Let k be 160/(-48)*(-12)/10. Suppose 0 = k*s + j - 129, 4*s + 3*j - 4*j = 127. What is the tens digit of s?
3
Suppose 3*d = 5 + 1. Let g(s) = s**3 - 5*s**2 + s - 1. Let x be g(d). Let b = x - -31. What is the units digit of b?
0
Let l(n) = 26*n**3 - 5*n**2 + 8*n - 7. What is the hundreds digit of l(3)?
6
Suppose 2*s + 42 = -62. Let a be (4 - s/(-7))*7. Let k = 43 + a. What is the units digit of k?
9
Suppose 6*m = -0*m. Suppose m = -s - 3*z + 29, 4*s + 6*z - 130 = z. What is the units digit of s?
5
Let h = 1203 + -1064. What is the units digit of h?
9
Let z(q) = 3*q + 95. Let o(u) = -15*u - 475. Let p(j) = 2*o(j) + 11*z(j). What is the units digit of p(0)?
5
Let r(f) = 15*f**2 + 4*f + 2. Let g be r(3). Let n = g + 152. What is the tens digit of n?
0
Let n(t) = t**3 + 11*t**2 - 15*t - 18. Suppose 5*w - 2*w - 5*l = -31, -5*l = w + 17. Let k be n(w). Suppose 0 = -0*v - v + k. What is the units digit of v?
8
Let u(m) = -2*m**3 + 37*m**2 - 34*m - 36. What is the hundreds digit of u(16)?
7
Let u(g) = -g + 1. Let n(h) = -5*h + 16. Let t(f) = n(f) - 6*u(f). Let v be t(0). Suppose 0 = -k - v + 23. What is the tens digit of k?
1
Suppose -35*y + 46*y - 5500 = 0. What is the hundreds digit of y?
5
Let x(v) = v + 1. Suppose 3*s + 5*b + 17 = 0, -2*s + 5*s - 4*b = 19. Let c be x(s). Let y(q) = q**2 - 2*q + 4. What is the units digit of y(c)?
4
Let q = -7 - -7. Let c = 27 + q. What is the units digit of c?
7
Let s be 20/(-8) + 3 - (-2)/(-4). Suppose -3*f - 27 + 192 = s. What is the tens digit of f?
5
Suppose 82*k = 81*k + 805. What is the units digit of k?
5
Let k(r) = r**3 + 6*r**2 - r. Let v be k(-6). Let x be (2/v*0)/2. Suppose x = -2*f + 2*g - 5*g + 53, 5*f = -5*g + 135. What is the tens digit of f?
2
Let i(x) = 0 - 234*x - 17 + 229*x - 52*x**2. Let d be i(7). What is the tens digit of (-2)/7 + d/(-35)?
7
Let v(y) = -y - 6. Let g(i) = 2*i + 13. Let p(x) = -2*g(x) - 5*v(x). Let h be p(11). Suppose 4*a - 60 = 3*c, 3*a = -2*c + h + 30. What is the units digit of a?
5
Let v = 380 - 368. What is the tens digit of v?
1
Let k(n) be the third derivative of 11*n**5/10 - 2*n**2. What is the units digit of k(-1)?
6
Let q(n) = -7*n**3 + 15*n**2 - 10*n - 20. What is the tens digit of q(-4)?
0
Suppose 2*b - 4*b + 3*v = -4, -2 = -b - 3*v. Suppose b*f - 4*f + 61 = -h, 5*h = -25. Let s = 56 - f. What is the tens digit of s?
2
Suppose -7*k + 3*z - 196 = -9*k, 3*k - 305 = z. What is the units digit of k?
1
Suppose 190*p - 192*p = -3*s - 9662, -3*p - 5*s + 14474 = 0. What is the thousands digit of p?
4
Suppose -y + 376 = o - 334, 5*o - 2840 = -4*y. What is the hundreds digit of y?
7
Let p(h) = -h**3 + 11*h**2 - 9*h - 7. Let s be p(10). Suppose -5*b - 15 = 0, -2*n - 5*b = -s*b - 12. What is the units digit of n?
9
Let y(m) = 348*m**3. What is the units digit of y(1)?
8
Let k(i) = -i + 5. Let v be k(5). Suppose 6*y + 860 = 5*w + y, v = 2*w - y - 342. What is the hundreds digit of w?
1
Suppose 3*m - 2*u = -2*m + 3227, -1961 = -3*m - 5*u. What is the tens digit of m?
4
Let f(x) = x**3 + x**2 + x - 1. Let s be f(0). Let m = s + 5. Suppose -3*i + 16 = -i + m*u, 0 = 2*u + 2. What is the tens digit of i?
1
Suppose 4018 + 41 = 9*n. What is the tens digit of n?
5
Let n = 492 - 284. What is the hundreds digit of n?
2
Let p(j) = -89*j - 10. Let y(o) = 4*o - 2. Let s be y(0). What is the tens digit of p(s)?
6
Let l = 34 + -30. Suppose 30 = -6*x + l*x. What is the units digit of 6/x - (-44)/10?
4
Let w be 114/15 + (-3)/5. Suppose 0 = 2*n - 2*h - 16, 0 = 4*h + 19 - w. Let y(q) = 2*q**2 - 6*q + 6. What is the tens digit of y(n)?
2
Let n(o) = o + 124. Let y be n(0). Let v(w) = 7*w**2 + 24*w - 6. Let q be v(-5). Let c = y - q. What is the tens digit of c?
7
Let d = -8 + -5. Let g be (-4 + 3)*29*-2. Let n = g + d. What is the tens digit of n?
4
Suppose 5*m - 4*k - 9498 = 0, -m + 26*k - 23*k = -1904. What is the thousands digit of m?
1
Let k = 0 + 0. Let u(v) be the first derivative of -v**4/4 + 14*v - 64. What is the units digit of u(k)?
4
What is the tens digit of (-25592)/(-52) - 24/156?
9
Let o = 203 + -117. What is the tens digit of o?
8
Let z be 0 + -2 - (-3 - 2). Let n be 4*((-27)/(-12))/z. What is the units digit of (2/6)/(n/225)?
5
Let f(y) = -9 - 5*y**2 + 3*y**2 + 0*y + 3*y**2 - 9*y. What is the tens digit of f(-6)?
8
Let v(t) = -45*t - 6. Suppose 0 = -s + 5*h - 11, 4*s + h = -h. What is the tens digit of v(s)?
3
Let m be (-91)/(-39) - 2/6. Suppose 403 = m*z - p + 4*p, 0 = -5*p + 5. What is the units digit of z?
0
Suppose -4*y + 2*k + 48 = 0, -5*k + 0*k + 20 = 0. What is the units digit of 19*1 + (y - 14)?
9
Suppose -5*k + 3009 + 317 = 4*c, 6 = 3*k. What is the hundreds digit of c?
8
Suppose 4*y + 3*x = y + 423, -4*x = -5*y + 687. What is the tens digit of y?
3
Let t = 1761 - 1238. What is the hundreds digit of t?
5
Suppose -24*m - 2407 = -4*i - 19*m, 0 = -3*m - 9. What is the units digit of i?
8
What is the tens digit of (-111939)/(-30) - (-63)/(-210)?
3
Let l(p) = -2*p - 1. Suppose -5*j + 5*o - 117 + 27 = 0, -2*o + 21 = -j. Let t be l(j). Suppose -3*y + t = -n, 2*y - n = -0*y + 19. What is the tens digit of y?
1
Let l(n) = 3*n**2 + 13*n + 3. Let z be l(-10). Let y be (21/(-14))/((-1)/2). Suppose -y*f = 53 - z. What is the tens digit of f?
4
Suppose -2*p - 517 = -2*h + 735, 0 = h + 5*p - 608. What is the units digit of h?
3
Suppose -3*u - 15 = -4*b, -2*u = b + u. Suppose 3*z = 2*z - b*a + 237, 4*z - 2*a = 878. What is the hundreds digit of z?
2
Suppose -4*b + 2*f + 196 = 6*f, 3*f + 6 = 0. Let j be (17/b)/(1/15). Suppose -z + 4*a = -46, 0*z - 5*z + 255 = j*a. What is the units digit of z?
0
Let n(g) = -6*g + 321. What is the tens digit of n(23)?
8
Suppose -j = -4*t - 226, -2*j + 32*t - 31*t + 473 = 0. What is the hundreds digit of j?
2
Let h be -2*(-2)/(-28) - (-172)/28. Let g(m) = m**3 - 4*m**2 - 8*m - 4. What is the units digit of g(h)?
